 = -26. Calculate the remainder when w is divided by 3.
1
Let o be ((-12)/(-18))/((-2)/24). Let s = 0 - o. Calculate the remainder when 15 is divided by s.
7
Suppose m + 2*v = 3*v + 2, 5*m + v = 16. Calculate the remainder when 3 is divided by m.
0
Let s = -12 + 2. Let o be (6*s)/((-1)/1). Suppose -6*m + o = -m. Calculate the remainder when 35 is divided by m.
11
Let j(o) = -2*o**2 - o + 75. What is the remainder when j(0) is divided by 19?
18
Suppose 20 = 6*y - 5*y. Calculate the remainder when 65 is divided by y - ((-4)/2 - 0).
21
Let o = 7 + -5. Suppose 5*m - 78 = -o*w, -2*m - w = 3*m - 74. Calculate the remainder when m is divided by 4.
2
Let d = -24 - -42. Calculate the remainder when d is divided by 7.
4
Let u be 4/(-6)*(-53 + -1). Let c = 14 + u. What is the remainder when c is divided by 13?
11
Let x(y) = y + y - 7 + 8. Suppose z = -3*z + 32. What is the remainder when z is divided by x(1)?
2
Let m(h) = -21*h + 109. Let y = -34 + 48. Calculate the remainder when y is divided by m(5).
2
Suppose 5*j - 43 = 2. What is the remainder when j is divided by 4?
1
Let j(m) = -m**3 + 3*m**2 + 3*m + 5. Let t be j(4). Let l be 1 + (-9)/(t*-3). Suppose l*o - o - 9 = 0. What is the remainder when 5 is divided by o?
2
Let h = 226 - 213. Calculate the remainder when 22 is divided by h.
9
Let i = 16 + -10. What is the remainder when ((-252)/24)/((-6)/8) is divided by i?
2
Suppose 0 = 3*c - 36 + 216. What is the remainder when 12 is divided by c/(-8) + 1/(-2)?
5
Suppose 4*p = 2*i - 72, 0 = 5*i - i + 5*p - 92. Calculate the remainder when 55 is divided by i.
27
Suppose 4*t - 16 = -4*d, -7*t + 3*t + 28 = d. Calculate the remainder when t is divided by 4.
0
Suppose 0 = -3*z - 57 - 6. Let o = 35 + z. Let i(n) = -5*n**3. What is the remainder when i(-2) is divided by o?
12
Let t = -15 + 58. What is the remainder when t is divided by 9?
7
Let h(l) = 108*l**2 - 3*l - 4. What is the remainder when h(-1) is divided by 12?
11
What is the remainder when 12*(3 - (-1)/(-3)) is divided by 17?
15
Let w(x) = x**2 + x + 8. Suppose -j = -4*j + 39. Calculate the remainder when w(-6) is divided by j.
12
Suppose 2*z + u = 31, 3*u - 5 = 4*u. What is the remainder when (-8)/(-6)*153/6 is divided by z?
16
Let h(k) = 6*k**2 + 2*k + 1. Suppose 0 = -4*c + 33 + 31. What is the remainder when h(3) is divided by c?
13
Suppose -k = -5*d - 16, 2*k + 14 = -4*d + 4*k. Let a(q) = -q + 1. Let p be a(-5). Let i = p - d. What is the remainder when 26 is divided by i?
8
Let s(b) = -b**2 - 20*b - 78. What is the remainder when 44 is divided by s(-12)?
8
Let t be 2 - (0 - 0/(-3)). Let i = -6 - -8. Suppose -f = -i*s - 24, -5*f + 104 = -0*s - t*s. Calculate the remainder when 58 is divided by f.
18
Suppose -2*d + r - 32 = 26, 3*r + 74 = -2*d. Let u(t) = -3*t**2 + 5*t + 7. Let h be u(5). Let w = d - h. What is the remainder when 34 is divided by w?
10
Let n(f) = -9*f - 10 + 5*f**2 + 15*f + 7*f**2 + f**3. Calculate the remainder when n(-11) is divided by 24.
21
Suppose -4 + 28 = 4*a. Let n(t) = -51*t + 1. Let y be n(-1). Suppose -y = 2*o - a*o. What is the remainder when 24 is divided by o?
11
Suppose o + 13 = 56. What is the remainder when o is divided by 17?
9
Suppose -4*l + 539 + 128 = -5*w, 0 = l - 2*w - 163. What is the remainder when l is divided by 25?
23
Let s(q) = -q**2 + q. Let l be (-1)/1 + 1 - -1. Let d be s(l). Suppose -4*o - o + 25 = d. Calculate the remainder when o is divided by 2.
1
Let n(m) = m**2 + m - 2. Suppose 37 = 2*z - 67. Calculate the remainder when z is divided by n(-5).
16
Let i be 355/5 - (1 + 1). Suppose -5*c + 117 = 5*o - c, c = 5*o - 102. Calculate the remainder when -3 - (2 - (i + -3)) is divided by o.
19
Suppose 5*m - 3*m = 60. Calculate the remainder when 43 is divided by m.
13
Suppose g - 21 = -2*g. Calculate the remainder when 15 is divided by g.
1
Let a = 82 - 34. Let r = a - 29. Let x(d) = -d**3 + 4*d**2 - 2. What is the remainder when r is divided by x(3)?
5
Let j be (-1)/((-15)/18 + 1). Let a = 2 - j. What is the remainder when 23 is divided by a?
7
Let n = -61 - -94. What is the remainder when n is divided by 18?
15
Suppose 67 = -h + 2*h + i, 5*i = 0. Suppose 0 = 3*x - h - 44. Calculate the remainder when x is divided by ((-4)/(-6))/((-2)/(-30)).
7
Let u(b) = -6*b + 46. What is the remainder when 28 is divided by u(6)?
8
Suppose -4*u = -6 - 6. Suppose c - u*c = -6. What is the remainder when c is divided by 24/10 + (-2)/5?
1
Let m(w) = -5*w**3 - w**2 - 2*w - 2. Let r be 207/4 + 2/8. Suppose 0*t = -4*t + r. What is the remainder when m(-2) is divided by t?
12
Let s be 4*1 - (5 + 4). Let c(g) = g**3 - 2*g + 0 - 3*g + 4 + 4*g**2. What is the remainder when 11 is divided by c(s)?
3
Let r = 12 + 0. Calculate the remainder when r is divided by 4.
0
Suppose 0 = 3*z + 6. Let k be (z + 1)*(1 - 1). Suppose -2*b = 2*u - k*u - 10, 1 = -b + 5*u. Calculate the remainder when 10 is divided by b.
2
Suppose -7*n = -4*n - 24. Suppose -3*y + 102 - n = 5*f, -4*f = 5*y - 83. What is the remainder when f is divided by 5?
2
Suppose 0 = -412*b + 401*b + 154. Suppose -y - y + 3*x + 1 = 0, -5*y = 3*x - 34. Suppose -3*p = -2*p - y. What is the remainder when b is divided by p?
4
Suppose -3*q = 5*g - 158, 4*q + 132 = 4*g + 5*q. Suppose -5*l = -98 + 8. Let u = g - l. What is the remainder when 30 is divided by u?
14
Let a(i) = 2*i + 3. What is the remainder when 42 is divided by a(6)?
12
Suppose 180 = 11*x - 7*x. Calculate the remainder when x is divided by 24.
21
Suppose -9 = -4*q - 4*z + 259, 2*q = 2*z + 122. Suppose 52 = 4*c - q. What is the remainder when c is divided by 15?
14
Let r(k) = 17*k - 3. Calculate the remainder when r(4) is divided by 17.
14
Let t(l) = l**3 + 14*l**2 + 12*l - 2. Suppose -4*k - 36 = 16. Calculate the remainder when 31 is divided by t(k).
9
Suppose 0 = -b + 6*b - 45. Let k(n) = n**3 + 6*n**2 + 5*n + 5. Suppose -25 = 2*v + 3*y, -5*v - 3*y - 30 = -2*v. What is the remainder when b is divided by k(v)?
4
Let c = 4 + 1. Let a(n) = 7*n - 18. What is the remainder when a(5) is divided by c?
2
Suppose -2*d + 12 = -6*d, -2*j - 5*d = 3. What is the remainder when j is divided by 4?
2
Let z = 32 + -21. Suppose a + 3*a - 160 = 0. Suppose -a = -5*k + 3*k. Calculate the remainder when k is divided by z.
9
Let z = 14 + -7. Let x(l) = -l**3 + 7*l**2 + 2. Let g be x(z). Suppose g*c + 0*c = 18. What is the remainder when 16 is divided by c?
7
Suppose -q + o + o + 14 = 0, -2*q + 5*o = -32. What is the remainder when 14 is divided by q?
2
Suppose 127 = 2*j - 5*t, -4*j + 3*t = -77 - 142. Suppose -4*z - 3*d + j = 0, 5*z - 57 = -0*z + 3*d. Calculate the remainder when 35 is divided by z.
11
Suppose -2*o = -s - 51, 4*o + 3*s + 0*s - 117 = 0. Suppose d + 120 = 9*d. What is the remainder when o is divided by d?
12
Let m(a) = 3*a - 20. Let j(v) = -v**2 - 5*v + 3. What is the remainder when m(15) is divided by j(-4)?
4
Suppose 15 = 4*f - 45. Let b(v) = -128*v - 3. Let l be b(-2). Suppose -33 = 5*g - l. Calculate the remainder when g is divided by f.
14
Suppose -4*l = -37 - 43. Suppose -4*u = -l - 0. Suppose 21 = -y - u*j, 4*j + 13 + 7 = 0. What is the remainder when y is divided by 2?
0
Let b = -35 - -39. What is the remainder when 18 is divided by b?
2
Let w = 49 - 29. What is the remainder when 59 is divided by w?
19
Let r = 5 - -15. Suppose 0 = -v - z - 2*z - 4, z + 18 = -2*v. Let n = v + r. What is the remainder when 17 is divided by n?
7
Suppose 116 = 6*g - 2*g + 4*l, -g = 3*l - 25. Calculate the remainder when 90 is divided by g.
28
Suppose -f = -5*f + 4. Suppose 3*z - 8 = z. Suppose -z*o = -0*o - 8. What is the remainder when o is divided by f?
0
Suppose -4*m + 2*i + 112 = 7*i, m - 43 = -5*i. Calculate the remainder when 109 is divided by m.
17
Let y = 54 - 3. Calculate the remainder when y is divided by 13.
12
Let y(n) = n**3 + 7*n**2 - 8*n + 6. Calculate the remainder when (0 - -1) + (17 - 2) is divided by y(-8).
4
Suppose -o - 6*o = -105. Calculate the remainder when 72 is divided by o.
12
Let j(n) = -5*n**2 - 2*n - 3. Let y(a) = 5*a**2 + 3*a + 4. Let h(s) = -5*j(s) - 4*y(s). What is the remainder when h(-4) is divided by 22?
21
Let i(z) = -10*z**2 - z - 1. Let h be i(-2). Let w be (3 - 60) + (-6)/(-6). Let m = h - w. Calculate the remainder when m is divided by 6.
5
L